ultiple of 258?
True
Does 25 divide 25160807?
False
Does 25 divide 290709?
False
Is 545 a factor of 7854540?
True
Is 8 a factor of 513400?
True
Does 1103 divide 9180453?
False
Does 20 divide 58120?
True
Is 621324 a multiple of 27?
True
Is 27 a factor of 20704194?
True
Does 117 divide 20709?
True
Is 105 a factor of 101139?
False
Is 31237 a multiple of 44?
False
Is 12 a factor of 25515561?
False
Does 1033 divide 2860377?
True
Is 388 a factor of 372968?
False
Is 3238208 a multiple of 41?
False
Is 63 a factor of 2791278?
True
Does 39 divide 3556729?
False
Does 370 divide 2904579?
False
Does 10 divide 939140?
True
Is 17385 a multiple of 3?
True
Does 191 divide 7598812?
False
Is 37 a factor of 1040855?
False
Is 4814790 a multiple of 285?
True
Is 10 a factor of 701372?
False
Does 97 divide 336854?
False
Does 21 divide 605083?
False
Does 111 divide 2815981?
False
Does 82 divide 1352628?
False
Is 2390590 a multiple of 305?
True
Does 107 divide 240370?
False
Is 400395 a multiple of 15?
True
Is 48 a factor of 2798931?
False
Is 16 a factor of 675943?
False
Is 3419927 a multiple of 959?
False
Is 1154139 a multiple of 80?
False
Does 3 divide 32901?
True
Is 10264141 a multiple of 1172?
False
Does 128 divide 65024?
True
Does 60 divide 250094?
False
Is 50 a factor of 78100?
True
Is 4 a factor of 24587?
False
Does 97 divide 9671?
False
Does 8 divide 167480?
True
Does 164 divide 193636?
False
Is 27 a factor of 2479140?
True
Is 13377098 a multiple of 7?
True
Is 23761097 a multiple of 188?
False
Is 336 a factor of 759813?
False
Does 162 divide 159084?
True
Is 22 a factor of 512204?
True
Is 46094 a multiple of 187?
False
Is 17576 a multiple of 36?
False
Is 33 a factor of 26561?
False
Does 300 divide 149400?
True
Does 52 divide 40378835?
False
Does 73 divide 59198?
False
Does 16 divide 2641484?
False
Is 12580480 a multiple of 64?
True
Does 22 divide 74128?
False
Does 75 divide 1723405?
False
Is 504439 a multiple of 13?
True
Does 54 divide 1740851?
False
Is 69 a factor of 2307429?
True
Is 8 a factor of 111626?
False
Is 2504520 a multiple of 36?
True
Does 619 divide 420598?
False
Is 258808 a multiple of 346?
True
Is 21 a factor of 12432?
True
Is 1029145 a multiple of 65?
True
Does 148 divide 135445?
False
Does 8 divide 5965955?
False
Is 282888 a multiple of 24?
True
Is 231287 a multiple of 225?
False
Is 756 a factor of 444267?
False
Does 565 divide 257513?
False
Does 3 divide 1673097?
True
Is 1702395 a multiple of 22?
False
Does 696 divide 555408?
True
Is 5443352 a multiple of 511?
False
Does 77 divide 117041?
False
Is 172281 even?
False
Is 14 a factor of 373557?
False
Does 20 divide 307552?
False
Is 419 a factor of 624?
False
Is 4797534 a multiple of 618?
True
Is 165 a factor of 137940?
True
Does 3 divide 12483?
True
Is 19 a factor of 103485?
False
Does 22 divide 101031?
False
Is 7 a factor of 38199?
True
Does 705 divide 597135?
True
Is 7 a factor of 1213824?
False
Is 8998 a multiple of 2?
True
Is 18 a factor of 74646?
True
Does 8 divide 1050277?
False
Is 26 a factor of 246063?
False
Is 11886672 a multiple of 24?
True
Does 4 divide 191160?
True
Is 15 a factor of 22970580?
True
Does 91 divide 1963091?
False
Is 14694302 a multiple of 7?
True
Is 7055316 a multiple of 15?
False
Is 173515 a multiple of 18?
False
Does 13 divide 3378661?
True
Is 203442 even?
True
Does 3 divide 226350?
True
Does 146 divide 2608874?
True
Does 1320 divide 17414497?
False
Is 5 a factor of 40735?
True
Is 304 a factor of 3640435?
False
Does 32 divide 346720?
True
Is 1337786 a multiple of 16?
False
Is 9 a factor of 262?
False
Does 4 divide 4209?
False
Is 7 a factor of 3652633?
False
Is 7190 a multiple of 13?
False
Does 9 divide 164265?
False
Is 48 a factor of 292218?
False
Is 153 a factor of 69300?
False
Does 47 divide 473948?
True
Is 1969308 a multiple of 4?
True
Is 764229 a multiple of 11?
False
Does 3 divide 81474?
True
Is 1314312 a multiple of 24?
True
Is 1879020 a multiple of 198?
True
Does 69 divide 351900?
True
Does 21 divide 145908?
True
Does 13 divide 2512432?
True
Does 134 divide 3634348?
True
Is 848 a factor of 2187886?
False
Is 750 a factor of 1703250?
True
Is 786046 a multiple of 758?
True
Is 42959 a multiple of 60?
False
Is 53 a factor of 43520?
False
Is 340 a factor of 76500?
True
Is 14190956 a multiple of 147?
False
Is 1860505 a multiple of 17?
False
Is 112 a factor of 134884?
False
Is 185 a factor of 72335?
True
Is 3118784 even?
True
Is 3031345 a multiple of 453?
False
Does 30 divide 35717?
False
Does 13 divide 34905?
True
Is 58 a factor of 31014978?
True
Is 8 a factor of 2497451?
False
Is 6028 even?
True
Does 288 divide 7694501?
False
Is 1118640 a multiple of 240?
True
Does 14 divide 470486?
False
Does 882 divide 3042900?
True
Does 2 divide 45504?
True
Does 9 divide 589752?
True
Does 490 divide 9155650?
True
Is 61213 a multiple of 4?
False
Is 15438081 a multiple of 18?
False
Is 8481313 a multiple of 20?
False
Does 72 divide 3167821?
False
Does 16 divide 1263396?
False
Does 20 divide 475020?
True
Is 127 a factor of 1670210?
False
Does 73 divide 1425471?
True
Is 5 a factor of 2884?
False
Is 4239982 a multiple of 27?
False
Is 284886 a multiple of 37?
False
Does 60 divide 24989?
False
Does 17 divide 6751583?
False
Is 51 a factor of 5388966?
True
Is 9515383 a multiple of 365?
False
Is 14 a factor of 7756605?
False
Is 3586075 a multiple of 29?
False
Does 155 divide 24313?
False
Is 27 a factor of 40007?
False
Is 338 a factor of 4457206?
True
Does 655 divide 488630?
True
Does 3 divide 338349?
True
Is 18 a factor of 519660?
True
Is 373 a factor of 192468?
True
Does 814 divide 12762391?
False
Is 67 a factor of 1051632?
True
Does 8 divide 1088962?
False
Is 10 a factor of 3327452?
False
Does 48 divide 5060862?
False
Does 23 divide 11733956?
True
Is 58 a factor of 38512?
True
Is 701992 a multiple of 5?
False
Does 43 divide 483471?
False
Does 196 divide 2831808?
True
Is 59 a factor of 5850381?
True
Is 82823 a multiple of 10?
False
Is 9843 a multiple of 3?
True
Is 523827 even?
False
Is 24841500 a multiple of 375?
True
Is 75 a factor of 313930?
False
Is 4284000 a multiple of 35?
True
Is 1327533 a multiple of 53?
False
Is 104 a factor of 197080?
True
Does 461 divide 1789141?
True
Is 423713 a multiple of 550?
False
Is 1591246 a multiple of 61?
True
Is 16 a factor of 54415?
False
Does 255 divide 4966057?
False
Does 19 divide 351909?
False
Does 80 divide 538655?
False
Is 49 a factor of 7203?
True
Is 1851 a factor of 18740761?
False
Is 13197983 a multiple of 27?
False
Is 2792 a factor of 8456968?
True
Is 153235 a multiple of 225?
False
Is 170118 a multiple of 18?
True
Does 17 divide 558228?
False
Is 539599 a multiple of 795?
False
Is 49 a factor of 927374?
True
Is 9 a factor of 14956?
False
Is 123307 a multiple of 55?
False
Is 415 a factor of 242616?
False
Is 58 a factor of 1036518?
True
Does 261 divide 1126476?
True
Is 19 a factor of 10612792?
True
Is 13 a factor of 9958?
True
Does 23 divide 12075?
True
Is 1363470 a multiple of 253?
False
Is 546610 a multiple of 94?
True
Is 36 a factor of 119006?
False
Is 120 a factor of 2143933?
False
Is 33 a factor of 1571295?
True
Is 325892 a multiple of 14?
True
Does 259 divide 545745?
False
Is 232171 a multiple of 245?
False
Does 128 divide 14099620?
False
Is 276 a factor of 2239020?
False
Is 18 a factor of 56266?
False
Does 7 divide 8696?
False
Does 16 divide 658750?
False
Is 24 a factor of 287500?
False
Does 8 divide 22720?
True
Does 4 divide 749008?
True
Is 2464588 a multiple of 23?
True
Does 77 divide 3401706?
True
Does 7 divide 66773?
True
Does 10 divide 7167742?
False
Is 124914 a multiple of 191?
True
Is 1786 a factor of 16821532?
False
Is 327481 a multiple of 328?
False
Does 52 divide 362109?
False
Does 4 divide 75254?
False
Is 409 a factor of 372224?
False
Is 33 a factor of 108333?
False
Is 44 a factor of 229372?
True
Is 78 a factor of 66559?
False
Is 189 a factor of 3024347?
False
Is 601609 a multiple of 421?
True
Is 6103 a multiple of 17?
True
Does 85 divide 744600?
True
Is 2285942 a multiple of 23?
False
Is 240 a factor of 192960?
True
Is 1145288 a multiple of 239?
True
Is 147366 a multiple of 35?
False
Does 19 divide 2772043?
True
Is 443 a factor of 386238?
False
Does 362 divide 1135956?
True
Is 9 a factor of 1169118?
True
Is 1877 a factor of 6